{"id":33878,"date":"2017-02-25T15:57:14","date_gmt":"2017-02-25T15:57:14","guid":{"rendered":"http:\/\/www.stephenking.nl\/skfnieuw\/?page_id=33878"},"modified":"2017-02-25T16:14:04","modified_gmt":"2017-02-25T16:14:04","slug":"kort-verhaal-in-bundel-laat-de-kinderkens-tot-mij-komen-in-de-chirurg","status":"publish","type":"page","link":"https:\/\/www.stephenking.nl\/skfnieuw\/boeken\/boeken-korte-verhalen\/verzamelbundel\/kort-verhaal-in-bundel-laat-de-kinderkens-tot-mij-komen-in-de-chirurg\/","title":{"rendered":"Kort verhaal in bundel | Laat de kinderkens tot mij komen in De chirurg"},"content":{"rendered":"<p><a href=\"http:\/\/www.stephenking.nl\/skfnieuw\/wp-content\/uploads\/vchirurg_t93.jpg\"><img loading=\"lazy\" decoding=\"async\" class=\"size-full wp-image-14088 alignright\" src=\"http:\/\/www.stephenking.nl\/skfnieuw\/wp-content\/uploads\/vchirurg_t93.jpg\" alt=\"\" width=\"94\" height=\"150\" \/><\/a>Schooljuf miss Sidley regeert met ijzeren hand in de derde klas. Haar motto is discipline. Op een dag overkomt haar iets eigenaardigs. Het komt haar voor alsof de kinderen in haar klas op de \u00e9\u00e9n of andere manier veranderd zijn. Ze voelt dat haar macht verminderd is en rent al schreeuwend het klaslokaal uit. Enkele maanden later, als ze gekalmeerd is, komt ze terug in de klas. Ze neemt de kinderen \u00e9\u00e9n voor \u00e9\u00e9n mee naar de stencilruimte en vermoordt ze met een geweer.<\/p>\n<p><span style=\"color: #ffcc99;\">Titel:<\/span> Suffer the little children<br \/>\n<span style=\"color: #ffcc99;\">Auteur(s):<\/span>\u00a0Stephen King en anderen<br \/>\n<span style=\"color: #ffcc99;\">Jaartal eerste uitgave:<\/span> 1993<br \/>\n<span style=\"color: #ffcc99;\">Uitgebracht in Nederland als:<\/span> pocket<br \/>\n<span style=\"color: #ffcc99;\">Binnenschrift:<\/span> Nee<br \/>\n<span style=\"color: #ffcc99;\">Nominatie(s):<\/span> Nee<br \/>\n<span style=\"color: #ffcc99;\">Verfilmd:<\/span> Nee<br \/>\n<span style=\"color: #ffcc99;\">Verhalen in dit boek:<\/span><\/p>\n<ul>\n<li>Roald Dahl &#8211; De chirurg<\/li>\n<li>Gardner Dozois en Jack Dann &#8211; Hier en daar een bui<\/li>\n<li>Bury St. Edmund &#8211; Collega&#8217;s onder elkaar<\/li>\n<li>Ian Fleming &#8211; Octopussy<\/li>\n<li>Frederick Forsyth &#8211; Geen gelazer achteraf<\/li>\n<li><strong>Stephen King &#8211; Laat de kinderkens tot mij komen<\/strong><\/li>\n<li>Ed McBain &#8211; Voorwaar ik zeg U<\/li>\n<li>Ransom Satchell &#8211; De andere kant van verkrachting<\/li>\n<li>Bob Scacochis &#8211; Fatje&#8217;s goudvis<\/li>\n<li>Mickey Spillane &#8211; De killer<\/li>\n<li>Lew Steiger &#8211; Herpes en de aalmoezenier<\/li>\n<li>Donald E. Westlake &#8211; Roof jij of roof ik?<\/li>\n<\/ul>\n<p><strong>Hieronder de boeken en\/of bundels waarin deze titel ook is verschenen:<\/strong><br \/>\nDit verhaal is onder verschillende titels in diverse boeken gepubliceerd. Het heeft de namen: Laat de kindertjes (*1) \/ kinderkens (*2) tot mij komen en Wees geduldig met kinderen (*3).<\/p>\n<p>(*2) <a href=\"http:\/\/www.stephenking.nl\/skfnieuw\/boeken\/verzamelbundel\/kort-verhaal-in-bundel-wees-geduldig-met-kinderen-in-duistere-machten\/\">Duistere machten<\/a><br \/>\n(*2) <a href=\"http:\/\/www.stephenking.nl\/skfnieuw\/boeken\/verzamelbundel\/kort-verhaal-in-bundel-laat-de-kinderkens-tot-mij-komen-in-de-chirurg\/\">De chirurg<\/a> (en andere verhalen uit Playboy)<br \/>\n(*1) <a href=\"http:\/\/www.stephenking.nl\/skfnieuw\/boeken\/verzamelbundel\/kort-verhaal-in-bundel-laat-de-kindertjes-tot-mij-komen-in-de-grafschenners\/\">De grafschenners<\/a><br \/>\n(*3) <a href=\"http:\/\/www.stephenking.nl\/skfnieuw\/boeken\/boeken-op-titel\/boek-nachtmerries\">Nachtmerries<\/a><br \/>\n(*3)\u00a0<a href=\"http:\/\/www.stephenking.nl\/skfnieuw\/boeken\/boeken-op-titel\/boek-nachtmerriesendroomlandschappen\">Nachtmerries en droomlandschappen<\/a><\/p>\n<hr \/>\n<p><strong>Het verhaal is uitgegeven met de volgende covers:<br \/>\n<\/strong><em>(Klik op de afbeeldingen voor de volledige cover)<\/em><strong><br \/>\n<\/strong><\/p>\n<table style=\"width: 102px; height: 180px;\" border=\"0\" cellspacing=\"0\" cellpadding=\"0\">\n<tbody>\n<tr>\n<td style=\"width: 98px;\"><a href=\"http:\/\/www.stephenking.nl\/skfnieuw\/wp-content\/uploads\/vchirurg_t93fc.jpg\"><img loading=\"lazy\" decoding=\"async\" class=\"aligncenter wp-image-14088 size-full\" src=\"http:\/\/www.stephenking.nl\/skfnieuw\/wp-content\/uploads\/vchirurg_t93.jpg\" width=\"94\" height=\"150\" \/><\/a><\/td>\n<\/tr>\n<tr>\n<td style=\"width: 98px; text-align: center;\">90-6074-874-3<br \/>\nPocket<br \/>\nIn den toren<br \/>\n2e druk &#8211; 1993<\/td>\n<\/tr>\n<\/tbody>\n<\/table>\n<p><strong>Informatie over diverse uitgaven:<\/strong><br \/>\nDe verschillende uitgaven van dit verhaal zijn besproken in de Kings Things in de rubriek &#8216;<a href=\"http:\/\/www.stephenking.nl\/skfnieuw\/kings-things\/uitgelicht\/\">Uitgelicht<\/a>&#8216;.<\/p>\n<p><strong>Overige informatie:<\/strong><br \/>\n&#8211;<\/p>\n<hr \/>\n<p><strong>Het begin van het verhaal gaat als volgt:<\/strong><br \/>\nZe heette juffrouw Sidley en ze was onderwijzeres. Het was een kleine vrouw en ze moest uitgerekt op haar tenen gaan staan om in het bovenste vak van het schoolbord te kunnen schrijven, zoals ze nu deed. Geen van de kinderen achter haar in de klas giechelde of fluisterde of kauwde stiekem op in de holte van een hand verborgen snoepjes. Ze kenden juffrouw Sidley te goed. Juffrouw Sidley wist instinctief wie er kauwgum zat te kauwen, wie een proppenschieter in zijn zak of wie naar achteren wilde om baseballplaatjes te ruilen en niet omdat hij nodig moest.Net als God scheen ze alles tegelijk te weten.<\/p>\n<hr \/>\n<p><strong>Nominaties:<\/strong><br \/>\n&#8211;<\/p>\n<p><strong>Verfilmd:<br \/>\n<\/strong>&#8211;<\/p>\n","protected":false},"excerpt":{"rendered":"<p>Schooljuf miss Sidley regeert met ijzeren hand in de derde klas. Haar motto is discipline. Op een dag overkomt haar iets eigenaardigs. Het komt haar voor alsof de kinderen in haar klas op de \u00e9\u00e9n of andere manier veranderd zijn.<\/p>\n","protected":false},"author":1,"featured_media":0,"parent":33365,"menu_order":0,"comment_status":"closed","ping_status":"closed","template":"","meta":{"footnotes":""},"class_list":["post-33878","page","type-page","status-publish","hentry"],"_links":{"self":[{"href":"https:\/\/www.stephenking.nl\/skfnieuw\/wp-json\/wp\/v2\/pages\/33878","targetHints":{"allow":["GET"]}}],"collection":[{"href":"https:\/\/www.stephenking.nl\/skfnieuw\/wp-json\/wp\/v2\/pages"}],"about":[{"href":"https:\/\/www.stephenking.nl\/skfnieuw\/wp-json\/wp\/v2\/types\/page"}],"author":[{"embeddable":true,"href":"https:\/\/www.stephenking.nl\/skfnieuw\/wp-json\/wp\/v2\/users\/1"}],"replies":[{"embeddable":true,"href":"https:\/\/www.stephenking.nl\/skfnieuw\/wp-json\/wp\/v2\/comments?post=33878"}],"version-history":[{"count":6,"href":"https:\/\/www.stephenking.nl\/skfnieuw\/wp-json\/wp\/v2\/pages\/33878\/revisions"}],"predecessor-version":[{"id":33896,"href":"https:\/\/www.stephenking.nl\/skfnieuw\/wp-json\/wp\/v2\/pages\/33878\/revisions\/33896"}],"up":[{"embeddable":true,"href":"https:\/\/www.stephenking.nl\/skfnieuw\/wp-json\/wp\/v2\/pages\/33365"}],"wp:attachment":[{"href":"https:\/\/www.stephenking.nl\/skfnieuw\/wp-json\/wp\/v2\/media?parent=33878"}],"curies":[{"name":"wp","href":"https:\/\/api.w.org\/{rel}","templated":true}]}}