{"id":35620,"date":"2017-07-03T20:37:15","date_gmt":"2017-07-03T20:37:15","guid":{"rendered":"http:\/\/www.stephenking.nl\/skfnieuw\/?page_id=35620"},"modified":"2017-09-19T22:28:28","modified_gmt":"2017-09-19T22:28:28","slug":"boek-de-leerling","status":"publish","type":"page","link":"https:\/\/www.stephenking.nl\/skfnieuw\/boeken\/boeken-op-titel\/boek-de-leerling\/","title":{"rendered":"Boek | De leerling"},"content":{"rendered":"<p><img loading=\"lazy\" decoding=\"async\" class=\"alignright wp-image-12858\" src=\"http:\/\/www.stephenking.nl\/skfnieuw\/wp-content\/uploads\/bleerling_v87.jpg\" alt=\"\" width=\"125\" height=\"200\" \/>Een scholier ontdekt dat zijn plaatsgenoot een gezochte ex-nazi is en deze vervolgens flink onder druk zet&#8230;<\/p>\n<p><span style=\"color: #ffcc99;\">Originele titel:<\/span> Apt pupil<br \/>\n<span style=\"color: #ffcc99;\">Auteur(s):<\/span> Stephen King<br \/>\n<span style=\"color: #ffcc99;\">Jaartal eerste uitgave:<\/span> 1984<br \/>\n<span style=\"color: #ffcc99;\">Uitgebracht in Nederland als:<\/span> Paperback, pocket<br \/>\n<span style=\"color: #ffcc99;\">Verhalenbundel:<\/span> Nee<br \/>\n<span style=\"color: #ffcc99;\">Binnenschrift:<\/span> \u2018Voor Elaine Koster en Herbert Schnal\u2019<br \/>\n<span style=\"color: #ffcc99;\">Nominatie(s):<\/span> Nee<br \/>\n<span style=\"color: #ffcc99;\">Verfilmd:<\/span> <a href=\"#nominaties\">Ja<\/a><\/p>\n<hr \/>\n<p><strong>Het boek\/verhaal is uitgegeven met de volgende covers:<br \/>\n<\/strong><em>(Klik op de afbeeldingen voor de volledige cover)<\/em><strong><br \/>\n<\/strong><\/p>\n<table style=\"height: 166px; width: 261.633px;\" border=\"0\" cellspacing=\"0\" cellpadding=\"0\">\n<colgroup>\n<col span=\"3\" width=\"64\" \/><\/colgroup>\n<tbody>\n<tr>\n<td style=\"text-align: center; width: 142px;\" height=\"20\"><a href=\"http:\/\/www.stephenking.nl\/skfnieuw\/wp-content\/uploads\/bleerling_v84fc.jpg\"><img loading=\"lazy\" decoding=\"async\" class=\"alignnone wp-image-12856 size-full\" src=\"http:\/\/www.stephenking.nl\/skfnieuw\/wp-content\/uploads\/bleerling_ls84.jpg\" alt=\"\" width=\"92\" height=\"150\" \/><\/a><\/td>\n<td style=\"text-align: center; width: 142px;\"><a href=\"http:\/\/www.stephenking.nl\/skfnieuw\/wp-content\/uploads\/bleerling_ls84fc.jpg\"><img loading=\"lazy\" decoding=\"async\" class=\"alignnone wp-image-12856 size-full\" src=\"http:\/\/www.stephenking.nl\/skfnieuw\/wp-content\/uploads\/bleerling_ls84.jpg\" alt=\"\" width=\"92\" height=\"150\" \/><\/a><\/td>\n<td style=\"text-align: center; width: 10px;\"><a href=\"http:\/\/www.stephenking.nl\/skfnieuw\/wp-content\/uploads\/bleerling_v87fc.jpg\"><img loading=\"lazy\" decoding=\"async\" class=\"alignnone wp-image-12858 size-full\" src=\"http:\/\/www.stephenking.nl\/skfnieuw\/wp-content\/uploads\/bleerling_v87.jpg\" alt=\"\" width=\"94\" height=\"150\" \/><\/a><\/td>\n<\/tr>\n<tr>\n<td style=\"text-align: center; width: 142px;\" height=\"20\">90-204-3741-0<br \/>\nPaperback<br \/>\nVeen, rug: V<br \/>\n1e druk &#8211; 1984<\/td>\n<td style=\"text-align: center; width: 142px;\">90-245-1572-6<br \/>\nPaperback<br \/>\nVeen, rug: L<br \/>\n4e druk &#8211; 1986<\/td>\n<td style=\"text-align: center; width: 10px;\">90-245-1832-6<br \/>\nZwarte Pocket<br \/>\nVeen<br \/>\n1e druk &#8211; 1987<\/td>\n<\/tr>\n<\/tbody>\n<\/table>\n<p><strong>De boeken of tijdschriften waarin verhalen uit dit boek zijn uitgegeven hebben de volgende covers:<\/strong><\/p>\n<table style=\"height: 166px;\" border=\"0\" width=\"100%\" cellspacing=\"0\" cellpadding=\"0\">\n<colgroup>\n<col span=\"5\" \/><\/colgroup>\n<tbody>\n<tr>\n<td style=\"text-align: center; width: 142.567px;\" height=\"20\"><a href=\"http:\/\/www.stephenking.nl\/skfnieuw\/wp-content\/uploads\/b4seizoenen_v89Rfc.jpg\"><img loading=\"lazy\" decoding=\"async\" class=\"alignnone wp-image-12607 size-full\" src=\"http:\/\/www.stephenking.nl\/skfnieuw\/wp-content\/uploads\/b4seizoenen_v89R.jpg\" width=\"97\" height=\"150\" \/><\/a><\/td>\n<td style=\"text-align: center; width: 142.567px;\"><a href=\"http:\/\/www.stephenking.nl\/skfnieuw\/wp-content\/uploads\/b4seizoenen_ls89Gfc.jpg\"><img loading=\"lazy\" decoding=\"async\" class=\"alignnone wp-image-13180 size-full\" src=\"http:\/\/www.stephenking.nl\/skfnieuw\/wp-content\/uploads\/b4seizoenen_ls89.jpg\" width=\"97\" height=\"150\" \/><\/a><\/td>\n<td style=\"text-align: center; width: 142.567px;\"><a href=\"http:\/\/www.stephenking.nl\/skfnieuw\/wp-content\/uploads\/b4seizoenen_ls95Sfc.jpg\"><img loading=\"lazy\" decoding=\"async\" class=\"alignnone wp-image-13184 size-full\" src=\"http:\/\/www.stephenking.nl\/skfnieuw\/wp-content\/uploads\/b4seizoenen_ls94S.jpg\" width=\"95\" height=\"150\" \/><\/a><\/td>\n<td style=\"text-align: center; width: 142.567px;\"><a href=\"http:\/\/www.stephenking.nl\/skfnieuw\/wp-content\/uploads\/b4seizoenen_ls94Lfc.jpg\"><img loading=\"lazy\" decoding=\"async\" class=\"alignnone wp-image-13182 size-full\" src=\"http:\/\/www.stephenking.nl\/skfnieuw\/wp-content\/uploads\/b4seizoenen_ls94L.jpg\" width=\"95\" height=\"150\" \/><\/a><\/td>\n<td style=\"text-align: center; width: 142.567px;\"><a href=\"http:\/\/www.stephenking.nl\/skfnieuw\/wp-content\/uploads\/b4seizoenen_ls05fc.jpg\"><img loading=\"lazy\" decoding=\"async\" class=\"alignnone wp-image-13178 size-full\" src=\"http:\/\/www.stephenking.nl\/skfnieuw\/wp-content\/uploads\/b4seizoenen_ls05.jpg\" width=\"95\" height=\"150\" \/><\/a><\/td>\n<\/tr>\n<tr>\n<td style=\"text-align: center; width: 142.567px;\" height=\"20\">90-245-1599-8<br \/>\nPaperback<br \/>\nLuitingh buitenkant,<br \/>\nVeen op titelblad<br \/>\n1e druk &#8211; 1989<\/td>\n<td style=\"text-align: center; width: 142.567px;\">90-245-1599-8<br \/>\nPaperback<br \/>\nLuitingh-Sijthoff<br \/>\n&#8211;<br \/>\n2e druk &#8211; 1993<\/td>\n<td style=\"text-align: center; width: 142.567px;\">90-245-2298-6<br \/>\nPoema<br \/>\nLuitingh-Sijthoff<br \/>\n&#8211;<br \/>\n1e druk &#8211; 1995<\/td>\n<td style=\"text-align: center; width: 142.567px;\">90-245-2298-6<br \/>\nPoema<br \/>\nLuitingh-Sijthoff<br \/>\n&#8211;<br \/>\n4e druk &#8211; 1999<\/td>\n<td style=\"text-align: center; width: 142.567px;\">90-245-5207-9<br \/>\n978-90-245-5207-8<br \/>\nPoema<br \/>\nLuitingh-Sijthoff<br \/>\n8e druk &#8211; 2005<\/td>\n<\/tr>\n<tr>\n<td style=\"text-align: center; width: 142.567px;\" height=\"20\"><a href=\"http:\/\/www.stephenking.nl\/skfnieuw\/wp-content\/uploads\/bshawshankredemption_ls07fc.jpg\"><img loading=\"lazy\" decoding=\"async\" class=\"alignnone wp-image-12997 size-full\" src=\"http:\/\/www.stephenking.nl\/skfnieuw\/wp-content\/uploads\/bshawshankredemption_ls07.jpg\" width=\"94\" height=\"150\" \/><\/a><\/td>\n<td style=\"text-align: center; width: 142.567px;\"><a href=\"http:\/\/www.stephenking.nl\/skfnieuw\/wp-content\/uploads\/bontsnapping_ls91fc.jpg\"><img loading=\"lazy\" decoding=\"async\" class=\"alignnone wp-image-12931 size-full\" src=\"http:\/\/www.stephenking.nl\/skfnieuw\/wp-content\/uploads\/bontsnapping_ls91.jpg\" alt=\"\" width=\"95\" height=\"150\" \/><\/a><\/td>\n<td style=\"text-align: center; width: 142.567px;\"><img loading=\"lazy\" decoding=\"async\" class=\"alignnone wp-image-34597\" src=\"http:\/\/www.stephenking.nl\/skfnieuw\/wp-content\/uploads\/evierseizoenen.jpg\" alt=\"\" width=\"96\" height=\"150\" srcset=\"https:\/\/www.stephenking.nl\/skfnieuw\/wp-content\/uploads\/evierseizoenen.jpg 450w, https:\/\/www.stephenking.nl\/skfnieuw\/wp-content\/uploads\/evierseizoenen-150x233.jpg 150w\" sizes=\"auto, (max-width: 96px) 100vw, 96px\" \/><\/td>\n<td style=\"text-align: center; width: 142.567px;\"><a href=\"http:\/\/www.stephenking.nl\/skfnieuw\/wp-content\/uploads\/b4seizoenen_ls17podfc.jpg\"><img loading=\"lazy\" decoding=\"async\" class=\"alignnone wp-image-34597\" src=\"http:\/\/www.stephenking.nl\/skfnieuw\/wp-content\/uploads\/evierseizoenen.jpg\" alt=\"\" width=\"96\" height=\"150\" srcset=\"https:\/\/www.stephenking.nl\/skfnieuw\/wp-content\/uploads\/evierseizoenen.jpg 450w, https:\/\/www.stephenking.nl\/skfnieuw\/wp-content\/uploads\/evierseizoenen-150x233.jpg 150w\" sizes=\"auto, (max-width: 96px) 100vw, 96px\" \/><\/a><\/td>\n<td style=\"text-align: center; width: 142.567px;\"><\/td>\n<\/tr>\n<tr>\n<td style=\"text-align: center; width: 142.567px;\" height=\"20\">&#8211;<br \/>\n978-90-210-0162-3<br \/>\nPoema<br \/>\nLuitingh-Sijthoff<br \/>\n9e druk &#8211; 2007<\/td>\n<td style=\"text-align: center; width: 142.567px;\">90-245-1518-1<br \/>\n&#8211;<br \/>\nPocket<br \/>\nLuitingh-Sijthoff<br \/>\n1e druk &#8211; 1991<\/td>\n<td style=\"text-align: center; width: 142.567px;\">&#8211;<br \/>\n978-90-245-7599-2<br \/>\nE-Book<br \/>\nLuitingh-Sijthoff<br \/>\n2017<\/td>\n<td style=\"text-align: center; width: 142.567px;\">&#8211;<br \/>\n978-90-245-7824-5<br \/>\nPaperback POD<br \/>\nLuitingh-Sijthoff<br \/>\n2017<\/td>\n<td style=\"text-align: center; width: 142.567px;\"><\/td>\n<\/tr>\n<\/tbody>\n<\/table>\n<p><strong>Informatie over diverse uitgaven:<\/strong><br \/>\nDe pocket met ISBN 90-245-2298-6 is er in twee verschillende uitvoeringen. Op een ervan prijkt op de voorzijde &#8216;met onder andere&#8217; <em>Shawshank Redemption <\/em>terwijl op de andere <em>De leerling<\/em> staat genoemd.<\/p>\n<hr \/>\n<p><strong>Het begin van het verhaal gaat als volgt:<\/strong><br \/>\nHij zag eruit als een typische Amerikaanse jongen, zoals hij op zijn fiets met het hoge stuur door de straat van een buitenwijk fietste, en dat was hij ook: Todd Bowden, dertien jaar oud, een meter drie\u00ebnzeventig lang, gewicht een gezonde drie\u00ebnzestig kilo, haar met de kleur van rijpe ma\u00efs, blauwe ogen, gelijkmatige witte tanden, een licht gebruinde huid die nog niet eens werd ontsierd door de eerste schaduw van jeugdpuistjes. Hij glimlachte &#8211; een zomervakantieglimlach &#8211; terwijl hij, niet ver van zijn eigen huis, door de zon en de schaduw fietste. Hij zag eruit als het soort jongen dat een krantenwijkje zou kunnen hebben en dat had hij dan ook. Hij bezorgde de Santo Donato Clarion. Hij zag er ook uit als het soort jongen dat wenskaarten verkoopt om premies te krijgen en ook dat had hij gedaan. Het waren wenskaarten met je naam erop gedrukt &#8211; &#8216;Jack en Mary Burke&#8217;, of &#8216;Don en Sally&#8217;, of &#8216;de familie Murchison&#8217;. Hij zag eruit als het soort jongen dat fluit onder het werk, en dat deed hij ook vaak. Hij kon trouwens heel aardig fluiten.<\/p>\n<hr \/>\n<p><a id=\"nominaties\"><\/a><strong>Overige informatie:<\/strong><br \/>\n&#8211;<\/p>\n<p><strong>Nominaties:<br \/>\n<\/strong>&#8211;<\/p>\n<p><strong>Verfilmd:<br \/>\n<\/strong><a href=\"http:\/\/www.stephenking.nl\/skfnieuw\/films\/film-overzicht\/film-aptpupil\/\"><em>Apt Pupil<\/em><\/a><\/p>\n","protected":false},"excerpt":{"rendered":"<p>Een scholier ontdekt dat zijn plaatsgenoot een gezochte ex-nazi is en deze vervolgens flink onder druk zet&#8230; Originele titel: Apt pupil Auteur(s): Stephen King Jaartal eerste uitgave: 1984 Uitgebracht in Nederland als: Paperback, pocket Verhalenbundel: Nee Binnenschrift: \u2018Voor Elaine Koster<\/p>\n","protected":false},"author":1,"featured_media":0,"parent":4080,"menu_order":0,"comment_status":"closed","ping_status":"closed","template":"","meta":{"footnotes":""},"class_list":["post-35620","page","type-page","status-publish","hentry"],"_links":{"self":[{"href":"https:\/\/www.stephenking.nl\/skfnieuw\/wp-json\/wp\/v2\/pages\/35620","targetHints":{"allow":["GET"]}}],"collection":[{"href":"https:\/\/www.stephenking.nl\/skfnieuw\/wp-json\/wp\/v2\/pages"}],"about":[{"href":"https:\/\/www.stephenking.nl\/skfnieuw\/wp-json\/wp\/v2\/types\/page"}],"author":[{"embeddable":true,"href":"https:\/\/www.stephenking.nl\/skfnieuw\/wp-json\/wp\/v2\/users\/1"}],"replies":[{"embeddable":true,"href":"https:\/\/www.stephenking.nl\/skfnieuw\/wp-json\/wp\/v2\/comments?post=35620"}],"version-history":[{"count":13,"href":"https:\/\/www.stephenking.nl\/skfnieuw\/wp-json\/wp\/v2\/pages\/35620\/revisions"}],"predecessor-version":[{"id":38697,"href":"https:\/\/www.stephenking.nl\/skfnieuw\/wp-json\/wp\/v2\/pages\/35620\/revisions\/38697"}],"up":[{"embeddable":true,"href":"https:\/\/www.stephenking.nl\/skfnieuw\/wp-json\/wp\/v2\/pages\/4080"}],"wp:attachment":[{"href":"https:\/\/www.stephenking.nl\/skfnieuw\/wp-json\/wp\/v2\/media?parent=35620"}],"curies":[{"name":"wp","href":"https:\/\/api.w.org\/{rel}","templated":true}]}}